 a prime?
True
Suppose 32*l + 16*l - 727266 - 2089902 = 0. Is l a prime number?
False
Suppose -13*q + 746667 = -463621 + 52781. Is q a composite number?
True
Let q(o) = -50*o + 242. Let a be q(5). Suppose 2*l - 631 + 167 = 0. Is (-32 + 1)*l/a prime?
False
Let z = -109325 + 195847. Is z composite?
True
Let v = -119 - -72. Let m(f) = 13*f**3 + 4*f**2 - 5*f + 3. Let j be m(3). Let r = j - v. Is r a composite number?
True
Let s(g) = -g**3 - 79*g**2 - 17*g + 302. Is s(-83) prime?
True
Let l = 122292 - 66211. Is l a prime number?
True
Let c be 278*(-3 - 14/(-4)). Suppose -328 = -4*b + 4*q, -5*b + 549 = 4*q + c. Suppose -2*u + 1023 + b = s, 5*s - 1117 = -2*u. Is u prime?
False
Let z be 5*(3 - (-24)/(-6))*-409. Let u = z - 1326. Is u prime?
True
Let d = -26529 - -49040. Is d a composite number?
False
Let u = -312 - -3116. Suppose 0 = 25*l - 29*l + u. Is l prime?
True
Let b be 1/((-2)/2) + 3. Let r(o) = o**3 - 29*o**2 - o + 24. Let u be r(29). Is (u - (-2 - b)) + 548 composite?
False
Let b(a) = -14747*a + 1677. Is b(-20) a prime number?
False
Suppose 16936898 = 22*u - 446820. Is u prime?
True
Let f(d) = -63*d**3 - 3*d**2 + 2*d + 3. Suppose -20*g + 16*g + 8 = 0. Suppose 3*r + g*t + 8 = 0, -r = -0*t - 3*t - 1. Is f(r) prime?
True
Let m = -821 + 821. Suppose -5*o - 25 = m, -26384 = 24*q - 27*q - 5*o. Is q a prime number?
True
Suppose 2*b - 15 = -13. Let w be (-4 - -5) + 1/b. Suppose -3*o = 2*h - 193, 381 = 2*h + w*h + 5*o. Is h a composite number?
False
Suppose -2*t = l + 14675, 4*t = 2*t + l - 14685. Let c = -3142 - t. Is c composite?
True
Let n = -67102 + 137817. Is n prime?
False
Suppose -3*f + 2529 = -3*n - 8*f, 2*n - 5*f + 1661 = 0. Suppose 3*j + 4*c + 925 = 300, 3*j = -2*c - 617. Let i = j - n. Is i prime?
False
Let l = 274203 - -179876. Is l composite?
False
Suppose -88*h + a = -87*h - 63902, 0 = 2*h + 3*a - 127799. Is h a composite number?
False
Let g = -25230 + 58049. Is g composite?
True
Let u be (-1)/((-4)/708*3). Let f = u - 20. Suppose 2*k - f + 17 = 0. Is k a composite number?
False
Suppose -14*v = -15*v + 54. Let p(i) = -6 - 1 - 191*i + 35*i - v*i. Is p(-1) a prime number?
False
Let u = 1517 - -2588. Is u a composite number?
True
Let r = 32639 - 20620. Suppose 0 = 52*d - 59*d + r. Is d composite?
True
Let c(k) = 1035*k**3 - 5*k**2 - 11*k + 12. Suppose -2*m + 2*o = 0, -2*m = m - 4*o + 3. Is c(m) a prime number?
False
Suppose o - 757580 = -q, 5*o = -4*q + 456345 + 3331558. Is o composite?
False
Let f be ((-30)/20)/((-9)/300). Let q = f - -6815. Is q a prime number?
False
Let t(r) = r**3 + 21*r**2 - 72*r - 4. Let a be t(-24). Let d(p) = -228*p - 3. Let w be d(3). Is a + 5 + (6/(-2) - w) a composite number?
True
Let q = -19 - -22. Is 2 - (-1)/(q + -4)*-87 prime?
True
Suppose 90*h + 38*h - 35686528 = 0. Is h a composite number?
False
Is (-10*1517/1025)/(2 - 16464/8230) composite?
True
Let h = -4274 - -1989. Is (-104)/(-13) + h/(-1) composite?
False
Suppose 3254*y - 3291*y = -2636213. Is y composite?
False
Let b(v) = v**3 - 10*v**2 - 21*v + 24. Suppose 3*m = -3*d + 6*m + 33, 3*d = -5*m + 57. Is b(d) a composite number?
True
Suppose -2*y - 5*j + 17 = 0, -3*y + 9 = 4*j + 1. Let o be y/28*37 - 4/(-14). Let n(r) = -225*r - 10. Is n(o) a prime number?
False
Is (-158326)/(-4) + 20/(-40) a composite number?
False
Suppose a + 5*x = 55, -7*a - 4*x + 233 = -2*a. Is 10 + a/(-5) + (-850)/(-1) a prime number?
False
Let f(a) = 54*a**2 - 2853*a + 64. Is f(-27) composite?
False
Suppose 9*a - 214543 = 396566. Is a a prime number?
True
Let c(k) = 8*k - 54. Let i be c(6). Is (-3 - i) + (-29386)/(-7) a composite number?
False
Suppose -3*g = -5*j - 133656, -3*g - 6*j = -5*j - 133674. Is g a prime number?
False
Let x(o) = -109*o + 1. Let m be x(-4). Let b = -900 + 1624. Let u = b - m. Is u a prime number?
False
Let i(b) = b**2 + 2*b - 13. Let w be i(-5). Suppose 12929 = w*l + 5*q, q = -l - 2*q + 6466. Is l prime?
False
Suppose 7*l - 1346179 - 1682658 = 0. Is l a composite number?
True
Let q(t) = 2*t**3 + 11*t**2 + 7*t + 10. Let a be q(-5). Suppose -3*o = -i + 12131, 0 = -5*i - 5*o - a*o + 60695. Is i a composite number?
True
Suppose 0 = -5*l - 20, 5*l = 4*t - 3*t - 30. Suppose 2*r - t = 0, -2*o = -o - 3*r + 13. Suppose 2*f - 121 = -m, 4*f - o*m = 3*f + 68. Is f prime?
False
Let y = 30 - 28. Suppose -k - y = -2*l, k + 5*l - 8 = -3. Suppose k = -2*d + 2156 + 1082. Is d composite?
False
Let s(d) = 231*d**2 + 214*d + 376. Is s(55) a composite number?
True
Is -41 + 39 - (446308/(-4) + -2) a prime number?
True
Suppose -3*z + 8 + 4 = 0. Suppose -3*u = -z*u + 2361. Is u prime?
False
Is 226122 - (-6 - 744/(-24)) a prime number?
False
Let c(q) = -q**3 - 10*q**2 + 8*q - 24. Let o be c(-11). Let g be (o/6)/(4 - (-145)/(-40)). Is (-4 + 7275/(-9))/(g/(-12)) composite?
False
Suppose 3*i - 5*a - 239738 = 0, -4*i + i + 239724 = -3*a. Is i composite?
False
Let q(l) = -5*l**3 - 4*l**2 - 4*l. Let v be q(-2). Let s(c) = -1145*c - v*c + 240*c. Is s(-3) prime?
False
Suppose 3*x = -5*r + 2*x - 236, 4*x = 4*r + 184. Let h = r - -52. Suppose -3*z = -5*s + 4734 + 286, 25 = h*z. Is s a composite number?
True
Let h(c) = 5*c + 87. Let o be h(-17). Is -1 + (o - -3251) + -5 a prime number?
False
Let x(g) = 1165*g + 138. Let z(t) = -2327*t - 275. Let l(k) = -5*x(k) - 3*z(k). Is l(6) composite?
True
Suppose 0 = 33*d - 86*d + 16430. Suppose d*n - 319*n = -182421. Is n composite?
False
Let s(x) = 257*x**3 + x**2 + 2*x - 1. Let m be 144/(-63) - (1 + (-18)/14). Let c be s(m). Let t = c - -2926. Is t a prime number?
False
Let c be (-3)/((-2)/((-2)/3)). Let a(q) = 7609*q**2 + 11*q + 9. Is a(c) a composite number?
False
Let p(c) = -64*c + 22. Let z be p(-11). Let o = -419 + z. Is o a composite number?
False
Let o(k) = -4*k - 19. Let i be o(-5). Let r be 1 - 1*(-1)/i. Suppose -6*d = r*d - 520. Is d prime?
False
Suppose 4*h - 417289 = -d, -7*d + 10*d - 1251845 = -h. Is d prime?
False
Let g(c) = c**3 + 130*c**2 + 93*c - 63. Is g(-86) prime?
True
Let v(z) = -z**2 - 15*z + 52. Let r be v(-16). Suppose -r = -9*g + 5*g. Let l(s) = s**3 + 5*s**2 - 7*s - 14. Is l(g) composite?
True
Let j = 1101 + 371. Let s = -79 + j. Is s a composite number?
True
Let m = 18 + -18. Let j(b) = 3*b**2 - 1 + 2*b + m + 13*b**2. Is j(3) composite?
False
Suppose 5*u - 48 = -68. Is (-16821)/135*(u + -1) composite?
True
Let g(v) = 3107*v + 5018. Is g(93) prime?
False
Let n = -18313 - -36902. Is n prime?
False
Let q(x) = 10*x**2 + 10*x + 35. Let s(b) = 49*b**2 + 51*b + 175. Let m(a) = 11*q(a) - 2*s(a). Let y be m(-8). Suppose 3*f - 4*f + y = 0. Is f composite?
False
Let x(d) = 3*d + 13. Let f be x(-3). Suppose -3*q + f = 4*w, -q = 3*q - 2*w + 2. Suppose q = 2*r - 3207 - 3535. Is r a composite number?
False
Let y = 21454 + -3521. Let m = y - -1232. Is m a composite number?
True
Suppose -18*u = -580380 - 737886. Is u a prime number?
True
Suppose -2*d - f + 461 = d, -5*f = d - 163. Let r = -29 + d. Is (44547/r)/((-6)/(-16)) prime?
False
Suppose 44*x - 28*x = 2262032. Is x prime?
False
Let l(y) = y**3 - 8*y**2 - 22*y + 16. Suppose -41*z + 15 = -40*z. Is l(z) a prime number?
False
Suppose -2*y + 4*f = 24, -y + 18 = 4*f + 6. Let v(l) = -22*l**3 - l**2 + 5*l - 2. Let s be v(y). Suppose i - s = -i. Is i a composite number?
True
Let d be (-3)/(-12)*4 - (3 - -12). Let q = d + -16. Let m = 33 + q. Is m composite?
False
Suppose -21 + 9 = -6*h. Suppose -5*k = 5*o - 560, -h*k - 4*o - 212 = -4*k. Suppose 197 = u - k. Is u a composite number?
False
Suppose 251*z = 132*z + 123*z - 125876. Is z prime?
True
Let j be 7 - 3/((-9)/(-6)) - -2. Suppose j*l - 10542 = l. Suppose -2*m = -0*g - 2*g + 1182, -3*g - m + l = 0. Is g a prime number?
True
Suppose 3*c + 0*m + 3*m - 450 = 0, 600 = 4*c + 5*m. Let h = c - 146. Suppose 2*w + 3*u - 3029 = 6*u, h*u = 2*w - 3034. Is w a composite number?
True
Let q = 128 - -300. Suppose -239*z + 3*x - 474 = -237*z, 3*z + 689 = -x. Let r = q - z. Is r composite?
False
Let a = -29177 - -86236. Is a prime?
True
Let i = -197719 + 359402. Is i prime?
True
Let l(m) = -3*m**2 - 11*m + 4. Let z be l(-4). Suppose -4*u = -z*u - 4*p - 8160, 5*p = -u + 2034. Is u a composite number?
False
Is ((-13)/(151 + 5)*-3)/((-1)/(-227764)) prime?
True
Let n(y) be the third derivative of 1819*y**5/30 + y**4/12 + y**3/6 + y**2. Is n(-1) prime?
True
Is -